te?
False
Let q(d) = 3*d - 5. Let c be q(4). Let t(h) = 2*h - 10. Let j be t(c). Suppose 4*s + 3*l - 52 = l, -28 = -j*s + 4*l. Is s prime?
True
Let d = -30 + 113. Is d a prime number?
True
Let r be 1/((-1)/(-22)) - -1. Let k = 0 + r. Suppose y + k = 2*y. Is y composite?
False
Let c(o) = -o**3 + 2 + 0*o**2 - 3*o**2 - 5 - 2*o. Let r be c(-2). Is 1 + -12*r/3 a composite number?
False
Let c(z) = 174*z - 39. Is c(5) a composite number?
True
Let d = 30 - 3. Suppose -s + 92 = 5*m, 0 = m - 4*s - d - 4. Let l = 30 - m. Is l a prime number?
True
Suppose 4*p = 9*p - 4915. Is p a composite number?
False
Let n = 2 + -4. Is 3 + (n - -1) + 35 composite?
False
Suppose -4*c = 3*h - 551, 1292 = 5*h + 2*c + 369. Is h prime?
False
Suppose 2*v - 5 + 1 = 0. Suppose -41 = -2*w + y, -y + 35 = v*w + 4*y. Let b = w + -13. Is b a prime number?
True
Let g(x) = 3*x**2 + 6*x + 5. Is g(-6) a composite number?
True
Let z = 10 + -8. Suppose p + 2*c = -4*p + 12, 5*p - 28 = z*c. Suppose -71 = -p*v + 405. Is v prime?
False
Let r(j) = 41*j + 1. Let h(k) = -k. Let u(o) = -2*h(o) - r(o). Is u(-2) a prime number?
False
Suppose 0*d - 17630 = -10*d. Is d composite?
True
Is (-8)/(-6) + 3101/63*57 composite?
True
Let l be (-19)/(-3) + 2/(-6). Suppose 0 = l*c - 3*c - 237. Is c composite?
False
Let t(l) = -2 + 0 + 0 + 25*l. Is t(1) a composite number?
False
Suppose 2*o - o = 0. Let y(a) = a**3 + a**2. Let n be y(o). Let t(x) = -x + 37. Is t(n) a composite number?
False
Suppose 4 + 0 = -b. Let h = b - -6. Is 3*4 - (-4 + h) a prime number?
False
Let p = -1035 + 2296. Is p a prime number?
False
Suppose 2*m + 632 = 4*z, z + 0*z - 159 = m. Is z prime?
True
Suppose -173 = -3*c + 2*h, -29 - 36 = -c - 3*h. Is c composite?
False
Let a(w) = -15*w**2 - 11*w + 9. Let r(y) = 5*y**2 + 4*y - 3. Let i(m) = -6*a(m) - 17*r(m). Is i(-4) composite?
True
Suppose 0*i - 4*o - 8 = -3*i, 0 = i - 3*o - 1. Suppose 1425 = i*g + 97. Suppose -a - 4*u + 101 = 0, 4*a = -0*a + 2*u + g. Is a a composite number?
True
Suppose 5*f - 1137 = -2*k, -4*k = -4*f + 9*f - 2279. Suppose -3*u = 4*p - k, -p + 710 = 4*p + 5*u. Is p a composite number?
True
Let s(g) = 3*g - 2. Let r be s(2). Suppose 2*q = 3*a + 66, -a = -r*q + 2*a + 144. Is q a composite number?
True
Is 0/(-3) - 3 - -410 prime?
False
Let a = 2 - 1. Let j = 36 + -51. Is j*(a + 4/(-2)) composite?
True
Suppose 2*m = 5*a + 101, 4*a - 2*a = 5*m - 221. Is m composite?
False
Let b = 354 - 61. Is b a prime number?
True
Suppose 2574 = -6*b + 8*b. Suppose 0 = 5*x - 4*y - b, 0*x + 3*y = 3*x - 771. Is x prime?
False
Let o(a) = a**2 - 9*a. Let m be o(9). Suppose -2*v + 5*f = -189, m = 4*v + f - 214 - 175. Is v prime?
True
Let x(j) be the second derivative of j**4/6 + 5*j**3/3 + 4*j**2 + j. Let t be x(-6). Suppose 4*s = t + 20. Is s a prime number?
False
Suppose 2805 = 5*s + 4*j, -2*s - 585 = -5*j - 1674. Is s prime?
True
Suppose 3 = 4*f - 13. Suppose 2*x - 10 = -n, -4*x + 38 = f*n - 18. Let a = -4 + n. Is a prime?
False
Suppose -5*z - 20 = -5*c, -15 = -4*c + c + 4*z. Is (-1)/((-1)/50) + c prime?
False
Suppose 20 = -4*y + 4*m, -5*m + 25 = 2*y + y. Suppose y = -l - 0 + 5. Suppose 3*d = 4*c - 737, -l*c + 3*d + 546 = -376. Is c prime?
False
Let z be 55/(-11) - -2*1. Is -4 + 288 - (z - 0) a composite number?
True
Let f(l) = 36*l - 2. Let v be f(2). Suppose 5*a + 0 - v = 0. Is a a composite number?
True
Suppose 4*q + 4*j + 18 - 2 = 0, 3*q = -4*j - 15. Let i be q/2*(-1 - -1). Suppose i*m + 3*m = 159. Is m prime?
True
Let b(k) = 3 - k - 2*k - 3*k - k**3 + 7*k**2. Suppose -n + 4*h - 6 = 0, -5*h = -2*n - n + 3. Is b(n) prime?
True
Let c(k) = k**3 - k**2 - 2*k + 1. Let i be c(2). Is 146 + i*2/(-2) prime?
False
Let a = 1 + -7. Let p be (-3 - a) + -5 - -2. Suppose p = -y - 4*y + 605. Is y prime?
False
Let p = 181 + -128. Is p prime?
True
Let b be (2/(-2))/(1/(-5)). Suppose 0 = b*n - 438 - 287. Is n a composite number?
True
Let q = -3 - -77. Is q a composite number?
True
Suppose -n = -2*n + 7. Is n a composite number?
False
Suppose -10*u = 2395 - 8725. Is u a composite number?
True
Let k(b) = -78*b**3 + 3*b**2 + 2*b - 1. Is k(-2) a prime number?
True
Suppose -2*y - 2 = -3*y. Suppose -2*u = y*u - 684. Let n = -118 + u. Is n a composite number?
False
Suppose -5*l = -4*w - 335, l + 4*w = -0*w + 67. Is l a prime number?
True
Let r(f) = -f**2 + f + 2. Let o = -5 + 7. Let z be r(o). Let a(c) = -c + 109. Is a(z) a composite number?
False
Let p = 179 - 70. Is p a composite number?
False
Suppose 8*p = 3*p + 15. Suppose 2*t + 2 = t, p*b + 4*t = -2. Suppose -b*c + 141 = 2*g - 57, -g = 2*c - 103. Is g a composite number?
True
Let d = 155 - 64. Is d a prime number?
False
Suppose w - 21 - 33 = 0. Suppose -4*b + 137 = -3*u, -195 + w = -4*b - u. Is b composite?
True
Suppose 1 - 2 = y - 4*j, 4*y - 5*j + 4 = 0. Let l(g) = 103*g - 4. Let u(o) = -69*o + 3. Let v(p) = -5*l(p) - 7*u(p). Is v(y) a prime number?
True
Suppose 5*m = -0*d + 5*d + 3455, -3*d + 3 = 0. Is 15/25 + m/5 a composite number?
False
Let v = -7 - -12. Suppose 5 + 11 = -4*g, -v*x - 3*g + 1693 = 0. Is x prime?
False
Suppose 2*x - 2 - 6 = 0. Suppose -332 = -x*z + 5*l, 2*l - 181 = -5*z + 201. Let t = z - 43. Is t a prime number?
False
Let t = 3549 + -2038. Is t composite?
False
Let l(g) = -8*g + 0*g + 4*g - 6 + 2*g. Let z be l(-4). Suppose z*t = 249 + 133. Is t a composite number?
False
Let j(y) = y**3 + 4*y**2 + 3*y + 3. Let z be j(-3). Let r = z + -5. Is (r - (-9)/(-6))*-62 composite?
True
Suppose -z - 3*z = l - 4, -3*z - 4*l = -3. Suppose 2 = n - z. Suppose 0 = 4*c + 3*k - 5*k - 266, n*c - 205 = -4*k. Is c prime?
True
Let n(f) = -f**3 - 26*f**2 - 10*f - 44. Is n(-27) a prime number?
False
Suppose 0*r - 5*r - 30 = 0. Let q = 10 + r. Is q a prime number?
False
Suppose 3*b - b - 6 = 0. Let u(z) = -z**2 + z - 12. Let r be u(0). Is 95/b - (-8)/r prime?
True
Let s = 10 + -4. Suppose -285 = -s*h + h. Is h a composite number?
True
Suppose -1125 = -5*o + 970. Is o a composite number?
False
Let l(k) = 2*k**2 + k + 1. Is l(3) a composite number?
True
Let c(q) = 4*q - 3. Let v be c(2). Is 718/v + (-6)/10 composite?
True
Let a(u) = 2*u + 17. Let x be a(-7). Suppose x*m = 2307 + 1326. Is m composite?
True
Is ((-1211)/(-2))/((-1)/(-2)) composite?
True
Let q(x) = -12*x + 4. Suppose 1 = -3*m - 8. Let y be q(m). Let t = y + -18. Is t a prime number?
False
Let v be 13290/195 - 2/13. Let b = 121 - v. Is b a composite number?
False
Let r(m) = 155*m - 3. Let o be 36/15 + (-2)/5. Is r(o) prime?
True
Suppose 3*w - 1115 = 22. Is w a prime number?
True
Suppose 2*l - y + 0*y = 168, 3*l + 5*y = 239. Is l a composite number?
False
Let z(b) = b**2 - 3. Suppose 2 + 3 = p. Let l(k) = 2*k - 6. Let r be l(p). Is z(r) prime?
True
Let h = -627 + 1737. Is (8/12)/(4/h) a prime number?
False
Suppose -3*z + 8 + 13 = 0. Suppose -4*w = -14 - 2. Let u = z - w. Is u a prime number?
True
Suppose 3*o + 1 = -4*s + 48, -s = o - 17. Is o a composite number?
True
Let m be (-6)/(-21) + 23/(-7). Suppose 20 = 3*n - 5*n. Let r = m - n. Is r a composite number?
False
Let i(z) = 29*z**2 - 27*z - 4. Is i(6) a prime number?
False
Let b(k) = k**3 - 10*k**2 - 19*k - 19. Is b(15) a prime number?
True
Let n(t) = 2*t - 6 + 3 - 5. Let o be n(6). Suppose q - o*p - 39 = 0, q + 3*p - 34 = 8*p. Is q composite?
False
Let d(y) = 33*y**2 + 3*y - 2. Suppose -3*t - 1 = -4. Is d(t) a composite number?
True
Let n = -590 + 1117. Is n prime?
False
Let f = -362 + 1045. Is f prime?
True
Is (18/12 - 2/4)*993 a composite number?
True
Suppose -m = -3*b + 3, -4*b - 3*m + 3 = -14. Suppose 2*j - b = -d, 0*d + 3 = d + 3*j. Let x = d - -11. Is x composite?
False
Suppose 3*q = 2*q + 3. Let g = q - -43. Is g composite?
True
Let s(n) = n**3 + 3*n**2 - 4*n + 2. Let x be s(-4). Let f be -6*(24/(-9) + x). Suppose -f*h = -h - b - 25, -5*h = b - 55. Is h a prime number?
False
Suppose -3*z + 15 = 0, 3*z = -3*p - 0*z + 21. Suppose -p*s = -4*s + 586. Is s a composite number?
False
Let t(y) = -y**3 - 8*y**2 - 11*y - 5. Let m be (-1*7/(-1))/(-1). Is t(m) prime?
True
Suppose 0 = 2*f + 5*k - 8*k - 4075, -4*f = -3*k - 8165. Is f a composite number?
True
Suppose z - 1 = -0*z. Let y = 18 + z. Is y a prime number?
True
Let b(u) = -2*u - 1. Let w be b(-3). Suppose -2*h + 2*y + 6 = -y, -w*y = 0. Suppose -44 = -f - z, h*f + 2*z - 53 - 82 = 0. Is f compo